{"id":3,"date":"2024-03-08T23:31:29","date_gmt":"2024-03-08T22:31:29","guid":{"rendered":"http:\/\/tiendasdyo.com\/?page_id=3"},"modified":"2025-05-23T17:43:50","modified_gmt":"2025-05-23T15:43:50","slug":"politica-privacidad","status":"publish","type":"page","link":"https:\/\/tiendasdyo.com\/index.php\/politica-privacidad\/","title":{"rendered":"Pol\u00edtica de privacidad"},"content":{"rendered":"\n<figure class=\"wp-block-image size-full is-resized\"><img fetchpriority=\"high\" decoding=\"async\" width=\"466\" height=\"451\" src=\"https:\/\/tiendasdyo.com\/wp-content\/uploads\/2024\/04\/cropped-LOGO-MEDIANO-PNG.png\" alt=\"\" class=\"wp-image-13460\" style=\"width:210px;height:auto\" srcset=\"https:\/\/tiendasdyo.com\/wp-content\/uploads\/2024\/04\/cropped-LOGO-MEDIANO-PNG.png 466w, https:\/\/tiendasdyo.com\/wp-content\/uploads\/2024\/04\/cropped-LOGO-MEDIANO-PNG-430x416.png 430w, https:\/\/tiendasdyo.com\/wp-content\/uploads\/2024\/04\/cropped-LOGO-MEDIANO-PNG-150x145.png 150w, https:\/\/tiendasdyo.com\/wp-content\/uploads\/2024\/04\/cropped-LOGO-MEDIANO-PNG-300x290.png 300w\" sizes=\"(max-width: 466px) 100vw, 466px\" \/><\/figure>\n\n\n\n<p>Tiendas D&amp;O, se preocupa por la confidencialidad y seguridad de todos los datos personales, incluyendo su nombre, direcci\u00f3n y datos brindados al momento de realizar la compra.<\/p>\n\n\n\n<p>Tiendas D&amp;O mantendr\u00e1 bajo confidencialidad sus datos recibidos, como ser identificaci\u00f3n, formas de pago y documentos personales.<\/p>\n\n\n\n<p>El uso de la informaci\u00f3n o datos personales recibidos, ser\u00e1n \u00fanicamente utilizados con el fin de la realizaci\u00f3n de la compra.<\/p>\n\n\n\n<p>El usuario podr\u00e1 realizar cualquier compra mediante nuestra pagina web, una vez realizado y confirmado su pago, se programa la entrega o envi\u00f3 del producto.<br>No se aceptan cambios ni devoluciones.<\/p>\n\n\n\n<p>Gracias por&nbsp;su&nbsp;preferencia!<\/p>\n\n\n\n<p><\/p>\n","protected":false},"excerpt":{"rendered":"<p>Tiendas D&amp;O, se preocupa por la confidencialidad y seguridad de todos los datos personales, incluyendo su nombre, direcci\u00f3n y datos<\/p>\n","protected":false},"author":1,"featured_media":0,"parent":0,"menu_order":0,"comment_status":"closed","ping_status":"open","template":"","meta":{"_monsterinsights_skip_tracking":false,"_monsterinsights_sitenote_active":false,"_monsterinsights_sitenote_note":"","_monsterinsights_sitenote_category":0,"footnotes":""},"_links":{"self":[{"href":"https:\/\/tiendasdyo.com\/index.php\/wp-json\/wp\/v2\/pages\/3"}],"collection":[{"href":"https:\/\/tiendasdyo.com\/index.php\/wp-json\/wp\/v2\/pages"}],"about":[{"href":"https:\/\/tiendasdyo.com\/index.php\/wp-json\/wp\/v2\/types\/page"}],"author":[{"embeddable":true,"href":"https:\/\/tiendasdyo.com\/index.php\/wp-json\/wp\/v2\/users\/1"}],"replies":[{"embeddable":true,"href":"https:\/\/tiendasdyo.com\/index.php\/wp-json\/wp\/v2\/comments?post=3"}],"version-history":[{"count":2,"href":"https:\/\/tiendasdyo.com\/index.php\/wp-json\/wp\/v2\/pages\/3\/revisions"}],"predecessor-version":[{"id":27932,"href":"https:\/\/tiendasdyo.com\/index.php\/wp-json\/wp\/v2\/pages\/3\/revisions\/27932"}],"wp:attachment":[{"href":"https:\/\/tiendasdyo.com\/index.php\/wp-json\/wp\/v2\/media?parent=3"}],"curies":[{"name":"wp","href":"https:\/\/api.w.org\/{rel}","templated":true}]}}