{"id":31874,"date":"2025-11-28T22:39:31","date_gmt":"2025-11-28T21:39:31","guid":{"rendered":"https:\/\/tiendasdyo.com\/?post_type=product&#038;p=31874"},"modified":"2026-02-25T19:31:56","modified_gmt":"2026-02-25T18:31:56","slug":"miss-dior","status":"publish","type":"product","link":"https:\/\/tiendasdyo.com\/index.php\/product\/miss-dior\/","title":{"rendered":"MISS DIOR"},"content":{"rendered":"<p>es una composici\u00f3n olfativa fresca y embriagadora. Las chispeantes c\u00e1scaras de naranja sanguina y mandarina iluminan las notas de salida. En el coraz\u00f3n, un acorde de muguete aporta frescura y ligereza a una nota de rosa de Grasse picante y efusiva.<\/p>\n","protected":false},"excerpt":{"rendered":"<p>es una composici\u00f3n olfativa fresca y embriagadora. Las chispeantes c\u00e1scaras de naranja sanguina y mandarina iluminan las notas de salida.<\/p>\n","protected":false},"featured_media":31808,"comment_status":"open","ping_status":"closed","template":"","meta":{"_monsterinsights_skip_tracking":false,"_monsterinsights_sitenote_active":false,"_monsterinsights_sitenote_note":"","_monsterinsights_sitenote_category":0},"product_cat":[52],"product_tag":[],"_links":{"self":[{"href":"https:\/\/tiendasdyo.com\/index.php\/wp-json\/wp\/v2\/product\/31874"}],"collection":[{"href":"https:\/\/tiendasdyo.com\/index.php\/wp-json\/wp\/v2\/product"}],"about":[{"href":"https:\/\/tiendasdyo.com\/index.php\/wp-json\/wp\/v2\/types\/product"}],"replies":[{"embeddable":true,"href":"https:\/\/tiendasdyo.com\/index.php\/wp-json\/wp\/v2\/comments?post=31874"}],"version-history":[{"count":1,"href":"https:\/\/tiendasdyo.com\/index.php\/wp-json\/wp\/v2\/product\/31874\/revisions"}],"predecessor-version":[{"id":31875,"href":"https:\/\/tiendasdyo.com\/index.php\/wp-json\/wp\/v2\/product\/31874\/revisions\/31875"}],"wp:featuredmedia":[{"embeddable":true,"href":"https:\/\/tiendasdyo.com\/index.php\/wp-json\/wp\/v2\/media\/31808"}],"wp:attachment":[{"href":"https:\/\/tiendasdyo.com\/index.php\/wp-json\/wp\/v2\/media?parent=31874"}],"wp:term":[{"taxonomy":"product_cat","embeddable":true,"href":"https:\/\/tiendasdyo.com\/index.php\/wp-json\/wp\/v2\/product_cat?post=31874"},{"taxonomy":"product_tag","embeddable":true,"href":"https:\/\/tiendasdyo.com\/index.php\/wp-json\/wp\/v2\/product_tag?post=31874"}],"curies":[{"name":"wp","href":"https:\/\/api.w.org\/{rel}","templated":true}]}}