{"id":32117,"date":"2026-01-09T16:08:35","date_gmt":"2026-01-09T15:08:35","guid":{"rendered":"https:\/\/tiendasdyo.com\/?post_type=product&#038;p=32117"},"modified":"2026-01-09T16:09:15","modified_gmt":"2026-01-09T15:09:15","slug":"into-the-night-2","status":"publish","type":"product","link":"https:\/\/tiendasdyo.com\/index.php\/product\/into-the-night-2\/","title":{"rendered":"INTO THE NIGHT"},"content":{"rendered":"<p>A qu\u00e9 huele: una noche atemporal, brillante y seductora en la ciudad.<\/p>\n<p>Notas fraganciales: frambuesa negra, cristales de \u00e1mbar, p\u00e9talos de rosa aterciopelados, pachul\u00ed cremoso y almizcle moka.<\/p>\n","protected":false},"excerpt":{"rendered":"<p>A qu\u00e9 huele: una noche atemporal, brillante y seductora en la ciudad. Notas fraganciales: frambuesa negra, cristales de \u00e1mbar, p\u00e9talos<\/p>\n","protected":false},"featured_media":32118,"comment_status":"open","ping_status":"closed","template":"","meta":{"_monsterinsights_skip_tracking":false,"_monsterinsights_sitenote_active":false,"_monsterinsights_sitenote_note":"","_monsterinsights_sitenote_category":0},"product_cat":[57],"product_tag":[],"_links":{"self":[{"href":"https:\/\/tiendasdyo.com\/index.php\/wp-json\/wp\/v2\/product\/32117"}],"collection":[{"href":"https:\/\/tiendasdyo.com\/index.php\/wp-json\/wp\/v2\/product"}],"about":[{"href":"https:\/\/tiendasdyo.com\/index.php\/wp-json\/wp\/v2\/types\/product"}],"replies":[{"embeddable":true,"href":"https:\/\/tiendasdyo.com\/index.php\/wp-json\/wp\/v2\/comments?post=32117"}],"version-history":[{"count":1,"href":"https:\/\/tiendasdyo.com\/index.php\/wp-json\/wp\/v2\/product\/32117\/revisions"}],"predecessor-version":[{"id":32119,"href":"https:\/\/tiendasdyo.com\/index.php\/wp-json\/wp\/v2\/product\/32117\/revisions\/32119"}],"wp:featuredmedia":[{"embeddable":true,"href":"https:\/\/tiendasdyo.com\/index.php\/wp-json\/wp\/v2\/media\/32118"}],"wp:attachment":[{"href":"https:\/\/tiendasdyo.com\/index.php\/wp-json\/wp\/v2\/media?parent=32117"}],"wp:term":[{"taxonomy":"product_cat","embeddable":true,"href":"https:\/\/tiendasdyo.com\/index.php\/wp-json\/wp\/v2\/product_cat?post=32117"},{"taxonomy":"product_tag","embeddable":true,"href":"https:\/\/tiendasdyo.com\/index.php\/wp-json\/wp\/v2\/product_tag?post=32117"}],"curies":[{"name":"wp","href":"https:\/\/api.w.org\/{rel}","templated":true}]}}