{"id":32133,"date":"2026-01-09T18:24:38","date_gmt":"2026-01-09T17:24:38","guid":{"rendered":"https:\/\/tiendasdyo.com\/?post_type=product&#038;p=32133"},"modified":"2026-01-16T17:57:52","modified_gmt":"2026-01-16T16:57:52","slug":"in-the-star-2","status":"publish","type":"product","link":"https:\/\/tiendasdyo.com\/index.php\/product\/in-the-star-2\/","title":{"rendered":"IN THE STAR"},"content":{"rendered":"<p>huele a una\u00a0<mark class=\"HxTRcb\">mezcla c\u00e1lida, amaderada y brillante, con notas clave de flor de estrella, almizcle de s\u00e1ndalo, tangelo (mandarina dulce), madera de agar (oud) y \u00e1mbar radiante<\/mark>, evocando una sensaci\u00f3n lujosa y sofisticada, como si olieras a un perfume de dise\u00f1ador en versi\u00f3n bruma.<span class=\"uJ19be notranslate\" data-wiz-uids=\"p2EXSd_c,p2EXSd_d\"><span class=\"vKEkVd\" data-animation-atomic=\"\" data-wiz-attrbind=\"class=p2EXSd_b\/TKHnVd\">\u00a0<\/span><\/span><\/p>\n","protected":false},"excerpt":{"rendered":"<p>huele a una\u00a0mezcla c\u00e1lida, amaderada y brillante, con notas clave de flor de estrella, almizcle de s\u00e1ndalo, tangelo (mandarina dulce),<\/p>\n","protected":false},"featured_media":32332,"comment_status":"open","ping_status":"closed","template":"","meta":{"_monsterinsights_skip_tracking":false,"_monsterinsights_sitenote_active":false,"_monsterinsights_sitenote_note":"","_monsterinsights_sitenote_category":0},"product_cat":[57],"product_tag":[],"_links":{"self":[{"href":"https:\/\/tiendasdyo.com\/index.php\/wp-json\/wp\/v2\/product\/32133"}],"collection":[{"href":"https:\/\/tiendasdyo.com\/index.php\/wp-json\/wp\/v2\/product"}],"about":[{"href":"https:\/\/tiendasdyo.com\/index.php\/wp-json\/wp\/v2\/types\/product"}],"replies":[{"embeddable":true,"href":"https:\/\/tiendasdyo.com\/index.php\/wp-json\/wp\/v2\/comments?post=32133"}],"version-history":[{"count":1,"href":"https:\/\/tiendasdyo.com\/index.php\/wp-json\/wp\/v2\/product\/32133\/revisions"}],"predecessor-version":[{"id":32134,"href":"https:\/\/tiendasdyo.com\/index.php\/wp-json\/wp\/v2\/product\/32133\/revisions\/32134"}],"wp:featuredmedia":[{"embeddable":true,"href":"https:\/\/tiendasdyo.com\/index.php\/wp-json\/wp\/v2\/media\/32332"}],"wp:attachment":[{"href":"https:\/\/tiendasdyo.com\/index.php\/wp-json\/wp\/v2\/media?parent=32133"}],"wp:term":[{"taxonomy":"product_cat","embeddable":true,"href":"https:\/\/tiendasdyo.com\/index.php\/wp-json\/wp\/v2\/product_cat?post=32133"},{"taxonomy":"product_tag","embeddable":true,"href":"https:\/\/tiendasdyo.com\/index.php\/wp-json\/wp\/v2\/product_tag?post=32133"}],"curies":[{"name":"wp","href":"https:\/\/api.w.org\/{rel}","templated":true}]}}