{"id":32353,"date":"2026-01-16T18:22:33","date_gmt":"2026-01-16T17:22:33","guid":{"rendered":"https:\/\/tiendasdyo.com\/?post_type=product&#038;p=32353"},"modified":"2026-01-16T18:23:36","modified_gmt":"2026-01-16T17:23:36","slug":"sweetest-song","status":"publish","type":"product","link":"https:\/\/tiendasdyo.com\/index.php\/product\/sweetest-song\/","title":{"rendered":"SWEETEST SONG"},"content":{"rendered":"<p>huele a una\u00a0<mark class=\"HxTRcb\" data-processed=\"true\">mezcla dulce y afrutada de\u00a0<strong class=\"Yjhzub\" data-processed=\"true\">frambuesas rosadas, cristales de az\u00facar y almizcle batido<\/strong><\/mark>, creando una fragancia ligera, rom\u00e1ntica y adictiva que recuerda a una dulce melod\u00eda o al mejor d\u00eda de tu vida. Es una fragancia frutal con notas dulces y un toque limpio, que evoca una sensaci\u00f3n alegre y envolvente.<span class=\"uJ19be notranslate\" data-wiz-uids=\"gNZ7M_e\" data-processed=\"true\"><span class=\"vKEkVd\" data-animation-atomic=\"\" data-wiz-attrbind=\"class=gNZ7M_d\/TKHnVd\" data-processed=\"true\">\u00a0<\/span><\/span><\/p>\n","protected":false},"excerpt":{"rendered":"<p>huele a una\u00a0mezcla dulce y afrutada de\u00a0frambuesas rosadas, cristales de az\u00facar y almizcle batido, creando una fragancia ligera, rom\u00e1ntica y<\/p>\n","protected":false},"featured_media":32340,"comment_status":"open","ping_status":"closed","template":"","meta":{"_monsterinsights_skip_tracking":false,"_monsterinsights_sitenote_active":false,"_monsterinsights_sitenote_note":"","_monsterinsights_sitenote_category":0},"product_cat":[57],"product_tag":[],"_links":{"self":[{"href":"https:\/\/tiendasdyo.com\/index.php\/wp-json\/wp\/v2\/product\/32353"}],"collection":[{"href":"https:\/\/tiendasdyo.com\/index.php\/wp-json\/wp\/v2\/product"}],"about":[{"href":"https:\/\/tiendasdyo.com\/index.php\/wp-json\/wp\/v2\/types\/product"}],"replies":[{"embeddable":true,"href":"https:\/\/tiendasdyo.com\/index.php\/wp-json\/wp\/v2\/comments?post=32353"}],"version-history":[{"count":1,"href":"https:\/\/tiendasdyo.com\/index.php\/wp-json\/wp\/v2\/product\/32353\/revisions"}],"predecessor-version":[{"id":32354,"href":"https:\/\/tiendasdyo.com\/index.php\/wp-json\/wp\/v2\/product\/32353\/revisions\/32354"}],"wp:featuredmedia":[{"embeddable":true,"href":"https:\/\/tiendasdyo.com\/index.php\/wp-json\/wp\/v2\/media\/32340"}],"wp:attachment":[{"href":"https:\/\/tiendasdyo.com\/index.php\/wp-json\/wp\/v2\/media?parent=32353"}],"wp:term":[{"taxonomy":"product_cat","embeddable":true,"href":"https:\/\/tiendasdyo.com\/index.php\/wp-json\/wp\/v2\/product_cat?post=32353"},{"taxonomy":"product_tag","embeddable":true,"href":"https:\/\/tiendasdyo.com\/index.php\/wp-json\/wp\/v2\/product_tag?post=32353"}],"curies":[{"name":"wp","href":"https:\/\/api.w.org\/{rel}","templated":true}]}}