{"id":32559,"date":"2026-02-23T17:54:27","date_gmt":"2026-02-23T16:54:27","guid":{"rendered":"https:\/\/tiendasdyo.com\/?post_type=product&#038;p=32559"},"modified":"2026-02-28T16:56:23","modified_gmt":"2026-02-28T15:56:23","slug":"set-club-de-nuit-man","status":"publish","type":"product","link":"https:\/\/tiendasdyo.com\/index.php\/product\/set-club-de-nuit-man\/","title":{"rendered":"SET CLUB DE NUIT MAN"},"content":{"rendered":"<p>Club de Nuit Man es una fragancia masculina que combina notas frescas, especiadas y amaderadas. Las notas de salida incluyen bergamota, lim\u00f3n y pi\u00f1a, que aportan frescura y energ\u00eda. En el coraz\u00f3n, se encuentran notas de rosa, jazm\u00edn y pachul\u00ed, que a\u00f1aden un toque de sofisticaci\u00f3n. Las notas de fondo son de \u00e1mbar gris, musgo de roble y vainilla, que proporcionan calidez y profundidad a la fragancia. En resumen, Club de Nuit Man es una opci\u00f3n ideal para quienes buscan una fragancia fresca, elegante y seductora.<\/p>\n","protected":false},"excerpt":{"rendered":"<p>Club de Nuit Man es una fragancia masculina que combina notas frescas, especiadas y amaderadas. Las notas de salida incluyen<\/p>\n","protected":false},"featured_media":32524,"comment_status":"open","ping_status":"closed","template":"","meta":{"_monsterinsights_skip_tracking":false,"_monsterinsights_sitenote_active":false,"_monsterinsights_sitenote_note":"","_monsterinsights_sitenote_category":0},"product_cat":[41],"product_tag":[],"_links":{"self":[{"href":"https:\/\/tiendasdyo.com\/index.php\/wp-json\/wp\/v2\/product\/32559"}],"collection":[{"href":"https:\/\/tiendasdyo.com\/index.php\/wp-json\/wp\/v2\/product"}],"about":[{"href":"https:\/\/tiendasdyo.com\/index.php\/wp-json\/wp\/v2\/types\/product"}],"replies":[{"embeddable":true,"href":"https:\/\/tiendasdyo.com\/index.php\/wp-json\/wp\/v2\/comments?post=32559"}],"version-history":[{"count":1,"href":"https:\/\/tiendasdyo.com\/index.php\/wp-json\/wp\/v2\/product\/32559\/revisions"}],"predecessor-version":[{"id":32560,"href":"https:\/\/tiendasdyo.com\/index.php\/wp-json\/wp\/v2\/product\/32559\/revisions\/32560"}],"wp:featuredmedia":[{"embeddable":true,"href":"https:\/\/tiendasdyo.com\/index.php\/wp-json\/wp\/v2\/media\/32524"}],"wp:attachment":[{"href":"https:\/\/tiendasdyo.com\/index.php\/wp-json\/wp\/v2\/media?parent=32559"}],"wp:term":[{"taxonomy":"product_cat","embeddable":true,"href":"https:\/\/tiendasdyo.com\/index.php\/wp-json\/wp\/v2\/product_cat?post=32559"},{"taxonomy":"product_tag","embeddable":true,"href":"https:\/\/tiendasdyo.com\/index.php\/wp-json\/wp\/v2\/product_tag?post=32559"}],"curies":[{"name":"wp","href":"https:\/\/api.w.org\/{rel}","templated":true}]}}