{"id":32695,"date":"2026-02-27T17:20:00","date_gmt":"2026-02-27T16:20:00","guid":{"rendered":"https:\/\/tiendasdyo.com\/?post_type=product&#038;p=32695"},"modified":"2026-02-27T17:20:00","modified_gmt":"2026-02-27T16:20:00","slug":"set-360-collection-perry-ellis-for-women","status":"publish","type":"product","link":"https:\/\/tiendasdyo.com\/index.php\/product\/set-360-collection-perry-ellis-for-women\/","title":{"rendered":"SET 360 COLLECTION PERRY ELLIS FOR WOMEN"},"content":{"rendered":"<p>La fragancia 360 Collection de Perry Ellis para mujeres es de la familia olfativa Floral. Sus notas de salida incluyen mel\u00f3n, azucena, osmanto, naranja tangerina y rosa; las notas de coraz\u00f3n son nen\u00fafar, lirio de los valles, salvia y lavanda; y las notas de fondo son s\u00e1ndalo, almizcle, vetiver, \u00e1mbar y vainilla. Esta combinaci\u00f3n crea una experiencia olfativa fresca y sofisticada, ideal para cualquier ocasi\u00f3n.<\/p>\n","protected":false},"excerpt":{"rendered":"<p>La fragancia 360 Collection de Perry Ellis para mujeres es de la familia olfativa Floral. Sus notas de salida incluyen<\/p>\n","protected":false},"featured_media":32649,"comment_status":"open","ping_status":"closed","template":"","meta":{"_monsterinsights_skip_tracking":false,"_monsterinsights_sitenote_active":false,"_monsterinsights_sitenote_note":"","_monsterinsights_sitenote_category":0},"product_cat":[52],"product_tag":[],"_links":{"self":[{"href":"https:\/\/tiendasdyo.com\/index.php\/wp-json\/wp\/v2\/product\/32695"}],"collection":[{"href":"https:\/\/tiendasdyo.com\/index.php\/wp-json\/wp\/v2\/product"}],"about":[{"href":"https:\/\/tiendasdyo.com\/index.php\/wp-json\/wp\/v2\/types\/product"}],"replies":[{"embeddable":true,"href":"https:\/\/tiendasdyo.com\/index.php\/wp-json\/wp\/v2\/comments?post=32695"}],"version-history":[{"count":1,"href":"https:\/\/tiendasdyo.com\/index.php\/wp-json\/wp\/v2\/product\/32695\/revisions"}],"predecessor-version":[{"id":32696,"href":"https:\/\/tiendasdyo.com\/index.php\/wp-json\/wp\/v2\/product\/32695\/revisions\/32696"}],"wp:featuredmedia":[{"embeddable":true,"href":"https:\/\/tiendasdyo.com\/index.php\/wp-json\/wp\/v2\/media\/32649"}],"wp:attachment":[{"href":"https:\/\/tiendasdyo.com\/index.php\/wp-json\/wp\/v2\/media?parent=32695"}],"wp:term":[{"taxonomy":"product_cat","embeddable":true,"href":"https:\/\/tiendasdyo.com\/index.php\/wp-json\/wp\/v2\/product_cat?post=32695"},{"taxonomy":"product_tag","embeddable":true,"href":"https:\/\/tiendasdyo.com\/index.php\/wp-json\/wp\/v2\/product_tag?post=32695"}],"curies":[{"name":"wp","href":"https:\/\/api.w.org\/{rel}","templated":true}]}}