{"id":32720,"date":"2026-02-27T21:30:59","date_gmt":"2026-02-27T20:30:59","guid":{"rendered":"https:\/\/tiendasdyo.com\/?post_type=product&#038;p=32720"},"modified":"2026-02-27T21:30:59","modified_gmt":"2026-02-27T20:30:59","slug":"set-red-door-elizabeth-arden","status":"publish","type":"product","link":"https:\/\/tiendasdyo.com\/index.php\/product\/set-red-door-elizabeth-arden\/","title":{"rendered":"SET RED DOOR ELIZABETH ARDEN"},"content":{"rendered":"<p>Red Door de Elizabeth Arden es una fragancia que combina notas florales intensas con un fondo c\u00e1lido y envolvente. Inicia con notas de ciruela, flor de azahar del naranjo, y an\u00eds, que aportan un toque fresco y vibrante. En el coraz\u00f3n, se desarrolla un ramillete floral con notas de miel, rosa, jazm\u00edn, y lirios, creando una experiencia olfativa rica y femenina. La base es rica y seductora, con s\u00e1ndalo, vetiver y almizcle, que aportan profundidad y calidez, dejando una estela perdurable.<\/p>\n","protected":false},"excerpt":{"rendered":"<p>Red Door de Elizabeth Arden es una fragancia que combina notas florales intensas con un fondo c\u00e1lido y envolvente. Inicia<\/p>\n","protected":false},"featured_media":32670,"comment_status":"open","ping_status":"closed","template":"","meta":{"_monsterinsights_skip_tracking":false,"_monsterinsights_sitenote_active":false,"_monsterinsights_sitenote_note":"","_monsterinsights_sitenote_category":0},"product_cat":[52],"product_tag":[],"_links":{"self":[{"href":"https:\/\/tiendasdyo.com\/index.php\/wp-json\/wp\/v2\/product\/32720"}],"collection":[{"href":"https:\/\/tiendasdyo.com\/index.php\/wp-json\/wp\/v2\/product"}],"about":[{"href":"https:\/\/tiendasdyo.com\/index.php\/wp-json\/wp\/v2\/types\/product"}],"replies":[{"embeddable":true,"href":"https:\/\/tiendasdyo.com\/index.php\/wp-json\/wp\/v2\/comments?post=32720"}],"version-history":[{"count":1,"href":"https:\/\/tiendasdyo.com\/index.php\/wp-json\/wp\/v2\/product\/32720\/revisions"}],"predecessor-version":[{"id":32721,"href":"https:\/\/tiendasdyo.com\/index.php\/wp-json\/wp\/v2\/product\/32720\/revisions\/32721"}],"wp:featuredmedia":[{"embeddable":true,"href":"https:\/\/tiendasdyo.com\/index.php\/wp-json\/wp\/v2\/media\/32670"}],"wp:attachment":[{"href":"https:\/\/tiendasdyo.com\/index.php\/wp-json\/wp\/v2\/media?parent=32720"}],"wp:term":[{"taxonomy":"product_cat","embeddable":true,"href":"https:\/\/tiendasdyo.com\/index.php\/wp-json\/wp\/v2\/product_cat?post=32720"},{"taxonomy":"product_tag","embeddable":true,"href":"https:\/\/tiendasdyo.com\/index.php\/wp-json\/wp\/v2\/product_tag?post=32720"}],"curies":[{"name":"wp","href":"https:\/\/api.w.org\/{rel}","templated":true}]}}