{"id":32864,"date":"2026-03-12T17:55:12","date_gmt":"2026-03-12T16:55:12","guid":{"rendered":"https:\/\/tiendasdyo.com\/?post_type=product&#038;p=32864"},"modified":"2026-03-12T17:55:12","modified_gmt":"2026-03-12T16:55:12","slug":"salted-shorelines","status":"publish","type":"product","link":"https:\/\/tiendasdyo.com\/index.php\/product\/salted-shorelines\/","title":{"rendered":"SALTED SHORELINES"},"content":{"rendered":"<p><span data-wiz-uids=\"jFpeAd_a\" data-sfc-cb=\"\" data-processed=\"true\"><a class=\"GI370e\" href=\"https:\/\/www.google.com\/search?q=Salted+Shorelines+de+Bath+%26+Body+Works&amp;sca_esv=c575d2bf7ecd87ab&amp;rlz=1C1RXQR_enHN1105HN1105&amp;biw=1707&amp;bih=772&amp;sxsrf=ANbL-n5WR459n8huy6Lwnhv4XpQssHskLw%3A1773333532564&amp;ei=HOyyabWPIsa1qtsP0KqEwAM&amp;ved=2ahUKEwikjPbg6ZqTAxW0SjABHUF7MuoQgK4QegQIARAB&amp;uact=5&amp;oq=A+QUE+HUELE+SALTED+SHORELINES&amp;gs_lp=Egxnd3Mtd2l6LXNlcnAiHUEgUVVFIEhVRUxFIFNBTFRFRCBTSE9SRUxJTkVTMgUQABiABDIFEAAY7wVI5A1QqQdYqQdwAXgBkAEAmAG1AaABtQGqAQMwLjG4AQPIAQD4AQL4AQGYAgKgAtsBwgIKEAAYsAMY1gQYR5gDAIgGAZAGBpIHAzEuMaAHkAKyBwMwLjG4B8QBwgcHMi0xLjAuMcgHGoAIAA&amp;sclient=gws-wiz-serp&amp;mstk=AUtExfAaciiiuRiZwfEl4cSz2ZknDKHfUF_zKWk3avNAQfxJq4BTssBIQcWMfw6OVUboFYalw1B4P4zajbVIxTknBOEkPcbm9Bhw8FY23keUsP6U1SfdJloKKosYb2A6hkR6MnYS3BnPZdsA141xMPAPtRnuNwo-N_rgWBS6n95BnjkbTT7o1zbbw61VurPxHRnGmqORq_RnuNFiRrVZ260GgSJtPP81HGlvo2amqPRGMOog8ig-OvnM8FZWLnFVxzrwjH0_HaeG4OCurUW9SavYlmLjFkPj2t5eXels6gZ1AcqNt_lsMg1SiIlxTupvUSj98qsCU3nnS36VM9DvV-Rg48y40SdQwfjHI7GrzrbK441P_JhaI-fF9Anb5iSwxKld1X41jrAET8hkRmhhmGGYMQ&amp;csui=3\" data-ved=\"2ahUKEwikjPbg6ZqTAxW0SjABHUF7MuoQgK4QegQIARAB\" data-hveid=\"CAEQAQ\" data-processed=\"true\">Salted Shorelines de Bath &amp; Body Works<\/a><\/span>\u00a0(lanzada en 2026) huele a una\u00a0<mark class=\"HxTRcb\" data-sfc-cb=\"\" data-processed=\"true\">brisa marina fresca, salada y amaderada<\/mark>, dise\u00f1ada para evocar la sensaci\u00f3n de buscar conchas en una costa fresca. Sus notas principales incluyen bergamota roc\u00edo, salvia c\u00e1lida y madera a la deriva salada, ofreciendo un aroma limpio y relajante.<\/p>\n","protected":false},"excerpt":{"rendered":"<p>Salted Shorelines de Bath &amp; Body Works\u00a0(lanzada en 2026) huele a una\u00a0brisa marina fresca, salada y amaderada, dise\u00f1ada para evocar<\/p>\n","protected":false},"featured_media":32790,"comment_status":"open","ping_status":"closed","template":"","meta":{"_monsterinsights_skip_tracking":false,"_monsterinsights_sitenote_active":false,"_monsterinsights_sitenote_note":"","_monsterinsights_sitenote_category":0},"product_cat":[57],"product_tag":[],"_links":{"self":[{"href":"https:\/\/tiendasdyo.com\/index.php\/wp-json\/wp\/v2\/product\/32864"}],"collection":[{"href":"https:\/\/tiendasdyo.com\/index.php\/wp-json\/wp\/v2\/product"}],"about":[{"href":"https:\/\/tiendasdyo.com\/index.php\/wp-json\/wp\/v2\/types\/product"}],"replies":[{"embeddable":true,"href":"https:\/\/tiendasdyo.com\/index.php\/wp-json\/wp\/v2\/comments?post=32864"}],"version-history":[{"count":1,"href":"https:\/\/tiendasdyo.com\/index.php\/wp-json\/wp\/v2\/product\/32864\/revisions"}],"predecessor-version":[{"id":32865,"href":"https:\/\/tiendasdyo.com\/index.php\/wp-json\/wp\/v2\/product\/32864\/revisions\/32865"}],"wp:featuredmedia":[{"embeddable":true,"href":"https:\/\/tiendasdyo.com\/index.php\/wp-json\/wp\/v2\/media\/32790"}],"wp:attachment":[{"href":"https:\/\/tiendasdyo.com\/index.php\/wp-json\/wp\/v2\/media?parent=32864"}],"wp:term":[{"taxonomy":"product_cat","embeddable":true,"href":"https:\/\/tiendasdyo.com\/index.php\/wp-json\/wp\/v2\/product_cat?post=32864"},{"taxonomy":"product_tag","embeddable":true,"href":"https:\/\/tiendasdyo.com\/index.php\/wp-json\/wp\/v2\/product_tag?post=32864"}],"curies":[{"name":"wp","href":"https:\/\/api.w.org\/{rel}","templated":true}]}}