{"id":32924,"date":"2026-03-12T22:03:43","date_gmt":"2026-03-12T21:03:43","guid":{"rendered":"https:\/\/tiendasdyo.com\/?post_type=product&#038;p=32924"},"modified":"2026-03-12T22:03:43","modified_gmt":"2026-03-12T21:03:43","slug":"ocean-2","status":"publish","type":"product","link":"https:\/\/tiendasdyo.com\/index.php\/product\/ocean-2\/","title":{"rendered":"OCEAN"},"content":{"rendered":"<p>huele generalmente a una\u00a0<mark class=\"HxTRcb\" data-sfc-cb=\"\" data-processed=\"true\">mezcla fresca, limpia y vigorizante que evoca la brisa marina, aire costero, notas c\u00edtricas (bergamota, mandarina) y toques amaderados o de sal<\/mark>, ideal para la primavera\/verano. Dependiendo de la marca, puede variar entre un aroma marino potente, c\u00edtrico-arom\u00e1tico o acu\u00e1tico ligero.<\/p>\n","protected":false},"excerpt":{"rendered":"<p>huele generalmente a una\u00a0mezcla fresca, limpia y vigorizante que evoca la brisa marina, aire costero, notas c\u00edtricas (bergamota, mandarina) y<\/p>\n","protected":false},"featured_media":32830,"comment_status":"open","ping_status":"closed","template":"","meta":{"_monsterinsights_skip_tracking":false,"_monsterinsights_sitenote_active":false,"_monsterinsights_sitenote_note":"","_monsterinsights_sitenote_category":0},"product_cat":[57],"product_tag":[],"_links":{"self":[{"href":"https:\/\/tiendasdyo.com\/index.php\/wp-json\/wp\/v2\/product\/32924"}],"collection":[{"href":"https:\/\/tiendasdyo.com\/index.php\/wp-json\/wp\/v2\/product"}],"about":[{"href":"https:\/\/tiendasdyo.com\/index.php\/wp-json\/wp\/v2\/types\/product"}],"replies":[{"embeddable":true,"href":"https:\/\/tiendasdyo.com\/index.php\/wp-json\/wp\/v2\/comments?post=32924"}],"version-history":[{"count":1,"href":"https:\/\/tiendasdyo.com\/index.php\/wp-json\/wp\/v2\/product\/32924\/revisions"}],"predecessor-version":[{"id":32925,"href":"https:\/\/tiendasdyo.com\/index.php\/wp-json\/wp\/v2\/product\/32924\/revisions\/32925"}],"wp:featuredmedia":[{"embeddable":true,"href":"https:\/\/tiendasdyo.com\/index.php\/wp-json\/wp\/v2\/media\/32830"}],"wp:attachment":[{"href":"https:\/\/tiendasdyo.com\/index.php\/wp-json\/wp\/v2\/media?parent=32924"}],"wp:term":[{"taxonomy":"product_cat","embeddable":true,"href":"https:\/\/tiendasdyo.com\/index.php\/wp-json\/wp\/v2\/product_cat?post=32924"},{"taxonomy":"product_tag","embeddable":true,"href":"https:\/\/tiendasdyo.com\/index.php\/wp-json\/wp\/v2\/product_tag?post=32924"}],"curies":[{"name":"wp","href":"https:\/\/api.w.org\/{rel}","templated":true}]}}