{"id":32950,"date":"2026-03-12T22:26:13","date_gmt":"2026-03-12T21:26:13","guid":{"rendered":"https:\/\/tiendasdyo.com\/?post_type=product&#038;p=32950"},"modified":"2026-03-12T22:26:13","modified_gmt":"2026-03-12T21:26:13","slug":"body-butter-vanilla-cafe","status":"publish","type":"product","link":"https:\/\/tiendasdyo.com\/index.php\/product\/body-butter-vanilla-cafe\/","title":{"rendered":"BODY BUTTER VANILLA CAF\u00c9"},"content":{"rendered":"<p>Vanilla Caf\u00e9 (especialmente la versi\u00f3n de\u00a0<span data-wiz-uids=\"CdpQRc_b\" data-sfc-cb=\"\" data-processed=\"true\"><a class=\"GI370e\" href=\"https:\/\/www.google.com\/search?q=Bath+%26+Body+Works&amp;sca_esv=f0688cf0b4adbcef&amp;rlz=1C1RXQR_enHN1105HN1105&amp;biw=1707&amp;bih=772&amp;sxsrf=ANbL-n6AlCFjG8rokVSc9sGOxMTM9Z_eFg%3A1773350340428&amp;ei=xC2zabbrGe-lmtkPn9CR6Qg&amp;ved=2ahUKEwjOnp2WpZuTAxXNq4QIHZrmAEIQgK4QegQIARAB&amp;uact=5&amp;oq=A+QUE+HUELE+VANILLA+CAF%C3%89&amp;gs_lp=Egxnd3Mtd2l6LXNlcnAiGUEgUVVFIEhVRUxFIFZBTklMTEEgQ0FGw4kyBRAAGO8FMggQABiABBiiBDIIEAAYgAQYogQyCBAAGIAEGKIEMggQABiABBiiBEjjJ1D9CVjLJXABeAGQAQCYAZkDoAG8BKoBBzAuMS40LTG4AQPIAQD4AQL4AQGYAgOgAvUEwgIKEAAYsAMY1gQYR8ICBxAhGKABGAqYAwCIBgGQBgiSBwcxLjEuNC0xoAe2BbIHBzAuMS40LTG4B8oEwgcJMC4xLjEuMC4xyAcmgAgA&amp;sclient=gws-wiz-serp&amp;mstk=AUtExfC4JgIgmf3qARed97Q_LxtDS0smGohwckmktgNoFhOVSihwIQxO-vCYz_zDUNAILrdh19W62zBXL5cEcWhlWcIDLRgCijqpwlf_BBXTwvf9--PyexztOThAIjrjBXINCPoO_Bmuwt-mwqv7wTsO-k2IwI3nn7Sshg8q7P-C7v6dRunwputk86TXpTRWyC4bNJGWaUT7K4sBifhTftF5h3bQaqTUZeLBdWK1f4StEZw2WrVAZKzweM9PQfagXgsuBL-vKdlm3-YhVqvLlm9II1XNxElwXNKnzcBGDcVa3cfp2zynk6owiEyQMA5QIjfPRGV35I5fKGCT2HTFgFu2teAo4JDDbQn2vQh1-E-Wq4FaovD1TEUsFltyPf9alb88ucfFDIlctC6csr902eoN7Q&amp;csui=3\" data-ved=\"2ahUKEwjOnp2WpZuTAxXNq4QIHZrmAEIQgK4QegQIARAB\" data-hveid=\"CAEQAQ\" data-processed=\"true\">Bath &amp; Body Works<\/a><\/span>) huele a una\u00a0<mark class=\"HxTRcb\" data-sfc-cb=\"\" data-processed=\"true\">mezcla reconfortante y dulce de espresso suave, vainilla batida y avellana tostada<\/mark>. Se describe como una fragancia c\u00e1lida, cremosa y aterciopelada que evoca un latte de vainilla o un postre de tiramis\u00fa, siendo ideal para oto\u00f1o.<span class=\"uJ19be notranslate\" data-wiz-uids=\"CdpQRc_e,CdpQRc_f\" data-sfc-cb=\"\" data-processed=\"true\"><span class=\"vKEkVd\" data-animation-atomic=\"\" data-wiz-attrbind=\"class=CdpQRc_d\/TKHnVd\" data-processed=\"true\"><span aria-hidden=\"true\" data-processed=\"true\">\u00a0<\/span><\/span><\/span><\/p>\n","protected":false},"excerpt":{"rendered":"<p>Vanilla Caf\u00e9 (especialmente la versi\u00f3n de\u00a0Bath &amp; Body Works) huele a una\u00a0mezcla reconfortante y dulce de espresso suave, vainilla batida<\/p>\n","protected":false},"featured_media":32858,"comment_status":"open","ping_status":"closed","template":"","meta":{"_monsterinsights_skip_tracking":false,"_monsterinsights_sitenote_active":false,"_monsterinsights_sitenote_note":"","_monsterinsights_sitenote_category":0},"product_cat":[57],"product_tag":[],"_links":{"self":[{"href":"https:\/\/tiendasdyo.com\/index.php\/wp-json\/wp\/v2\/product\/32950"}],"collection":[{"href":"https:\/\/tiendasdyo.com\/index.php\/wp-json\/wp\/v2\/product"}],"about":[{"href":"https:\/\/tiendasdyo.com\/index.php\/wp-json\/wp\/v2\/types\/product"}],"replies":[{"embeddable":true,"href":"https:\/\/tiendasdyo.com\/index.php\/wp-json\/wp\/v2\/comments?post=32950"}],"version-history":[{"count":1,"href":"https:\/\/tiendasdyo.com\/index.php\/wp-json\/wp\/v2\/product\/32950\/revisions"}],"predecessor-version":[{"id":32951,"href":"https:\/\/tiendasdyo.com\/index.php\/wp-json\/wp\/v2\/product\/32950\/revisions\/32951"}],"wp:featuredmedia":[{"embeddable":true,"href":"https:\/\/tiendasdyo.com\/index.php\/wp-json\/wp\/v2\/media\/32858"}],"wp:attachment":[{"href":"https:\/\/tiendasdyo.com\/index.php\/wp-json\/wp\/v2\/media?parent=32950"}],"wp:term":[{"taxonomy":"product_cat","embeddable":true,"href":"https:\/\/tiendasdyo.com\/index.php\/wp-json\/wp\/v2\/product_cat?post=32950"},{"taxonomy":"product_tag","embeddable":true,"href":"https:\/\/tiendasdyo.com\/index.php\/wp-json\/wp\/v2\/product_tag?post=32950"}],"curies":[{"name":"wp","href":"https:\/\/api.w.org\/{rel}","templated":true}]}}