{"id":33042,"date":"2026-03-13T22:47:44","date_gmt":"2026-03-13T21:47:44","guid":{"rendered":"https:\/\/tiendasdyo.com\/?post_type=product&#038;p=33042"},"modified":"2026-03-13T22:47:44","modified_gmt":"2026-03-13T21:47:44","slug":"club-de-nuit-untold","status":"publish","type":"product","link":"https:\/\/tiendasdyo.com\/index.php\/product\/club-de-nuit-untold\/","title":{"rendered":"CLUB DE NUIT UNTOLD"},"content":{"rendered":"<p>Club de Nuit Untold de Armaf es una fragancia unisex, famosa por ser un clon de alta calidad de Baccarat Rouge 540.\u00a0<mark class=\"HxTRcb\" data-sfc-cb=\"\">Huele principalmente a una combinaci\u00f3n dulce y ambarada, descrita como algod\u00f3n de az\u00facar con toques de azafr\u00e1n, jazm\u00edn, maderas claras y resinas<\/mark>, ofreciendo una estela \u00abaireada\u00bb y muy duradera.<\/p>\n","protected":false},"excerpt":{"rendered":"<p>Club de Nuit Untold de Armaf es una fragancia unisex, famosa por ser un clon de alta calidad de Baccarat<\/p>\n","protected":false},"featured_media":32973,"comment_status":"open","ping_status":"closed","template":"","meta":{"_monsterinsights_skip_tracking":false,"_monsterinsights_sitenote_active":false,"_monsterinsights_sitenote_note":"","_monsterinsights_sitenote_category":0},"product_cat":[41],"product_tag":[],"_links":{"self":[{"href":"https:\/\/tiendasdyo.com\/index.php\/wp-json\/wp\/v2\/product\/33042"}],"collection":[{"href":"https:\/\/tiendasdyo.com\/index.php\/wp-json\/wp\/v2\/product"}],"about":[{"href":"https:\/\/tiendasdyo.com\/index.php\/wp-json\/wp\/v2\/types\/product"}],"replies":[{"embeddable":true,"href":"https:\/\/tiendasdyo.com\/index.php\/wp-json\/wp\/v2\/comments?post=33042"}],"version-history":[{"count":1,"href":"https:\/\/tiendasdyo.com\/index.php\/wp-json\/wp\/v2\/product\/33042\/revisions"}],"predecessor-version":[{"id":33043,"href":"https:\/\/tiendasdyo.com\/index.php\/wp-json\/wp\/v2\/product\/33042\/revisions\/33043"}],"wp:featuredmedia":[{"embeddable":true,"href":"https:\/\/tiendasdyo.com\/index.php\/wp-json\/wp\/v2\/media\/32973"}],"wp:attachment":[{"href":"https:\/\/tiendasdyo.com\/index.php\/wp-json\/wp\/v2\/media?parent=33042"}],"wp:term":[{"taxonomy":"product_cat","embeddable":true,"href":"https:\/\/tiendasdyo.com\/index.php\/wp-json\/wp\/v2\/product_cat?post=33042"},{"taxonomy":"product_tag","embeddable":true,"href":"https:\/\/tiendasdyo.com\/index.php\/wp-json\/wp\/v2\/product_tag?post=33042"}],"curies":[{"name":"wp","href":"https:\/\/api.w.org\/{rel}","templated":true}]}}