{"id":33272,"date":"2026-03-16T18:32:57","date_gmt":"2026-03-16T17:32:57","guid":{"rendered":"https:\/\/tiendasdyo.com\/?post_type=product&#038;p=33272"},"modified":"2026-03-16T18:32:57","modified_gmt":"2026-03-16T17:32:57","slug":"gorra-tommy-hilfiger-14","status":"publish","type":"product","link":"https:\/\/tiendasdyo.com\/index.php\/product\/gorra-tommy-hilfiger-14\/","title":{"rendered":"GORRA TOMMY HILFIGER"},"content":{"rendered":"<div class=\"AdPoic\" role=\"heading\" aria-level=\"3\" data-animation-nesting=\"\" data-sfc-cp=\"\" data-sfc-cb=\"\" data-complete=\"true\" data-processed=\"true\" data-sae=\"\">Caracter\u00edsticas del Producto<button class=\"rBl3me\" tabindex=\"0\" data-amic=\"true\" data-icl-uuid=\"d334218a-e5b3-4062-82ec-90ce991d5152\" aria-label=\"Ver v\u00ednculos relacionados\" data-wiz-attrbind=\"disabled=zqe1v_11\/C5gNJc;aria-label=zqe1v_11\/bOjMyf;class=zqe1v_11\/UpSNec\" data-ved=\"2ahUKEwj5ppnO-aSTAxWwGTQIHXu5ONUQye0OegQIBxAA\" data-hveid=\"CAcQAA\"><\/button><\/div>\n<ul class=\"KsbFXc U6u95\" data-sfc-cb=\"\" data-complete=\"true\" data-processed=\"true\">\n<li class=\"dF3vjf\" data-sfc-cb=\"\" data-hveid=\"CAgQAA\" data-complete=\"true\" data-sae=\"\"><span class=\"T286Pc\" data-sfc-cp=\"\" data-sfc-cb=\"\" data-complete=\"true\"><strong class=\"Yjhzub\" data-sfc-cb=\"\" data-complete=\"true\">Material:<\/strong>\u00a0Generalmente fabricada en\u00a0<strong class=\"Yjhzub\" data-sfc-cb=\"\" data-complete=\"true\">100% algod\u00f3n<\/strong>\u00a0o algod\u00f3n org\u00e1nico transpirable.<\/span><\/li>\n<li class=\"dF3vjf\" data-sfc-cb=\"\" data-hveid=\"CAgQAQ\" data-complete=\"true\" data-sae=\"\"><span class=\"T286Pc\" data-sfc-cp=\"\" data-sfc-cb=\"\" data-complete=\"true\"><strong class=\"Yjhzub\" data-sfc-cb=\"\" data-complete=\"true\">Dise\u00f1o:<\/strong>\u00a0Estructura cl\u00e1sica de seis paneles con visera curva y ojales para ventilaci\u00f3n.<\/span><\/li>\n<li class=\"dF3vjf\" data-sfc-cb=\"\" data-hveid=\"CAgQAg\" data-complete=\"true\" data-sae=\"\"><span class=\"T286Pc\" data-sfc-cp=\"\" data-sfc-cb=\"\" data-complete=\"true\"><strong class=\"Yjhzub\" data-sfc-cb=\"\" data-complete=\"true\">Ajuste:<\/strong>\u00a0Cuenta con una\u00a0<strong class=\"Yjhzub\" data-sfc-cb=\"\" data-complete=\"true\">correa ajustable<\/strong>\u00a0en la parte trasera para un calce personalizado.<\/span><\/li>\n<li class=\"dF3vjf\" data-sfc-cb=\"\" data-hveid=\"CAgQAw\" data-complete=\"true\" data-sae=\"\"><span class=\"T286Pc\" data-sfc-cp=\"\" data-sfc-cb=\"\" data-complete=\"true\" aria-owns=\"action-menu-parent-container\"><strong class=\"Yjhzub\" data-sfc-cb=\"\" data-complete=\"true\">Variantes:<\/strong>\u00a0Existen versiones con acabado\u00a0<strong class=\"Yjhzub\" data-sfc-cb=\"\" data-complete=\"true\">impermeable<\/strong>\u00a0(performance waterproof) para proteger de lluvias inesperadas.<\/span><\/li>\n<\/ul>\n","protected":false},"excerpt":{"rendered":"<p>Caracter\u00edsticas del Producto Material:\u00a0Generalmente fabricada en\u00a0100% algod\u00f3n\u00a0o algod\u00f3n org\u00e1nico transpirable. Dise\u00f1o:\u00a0Estructura cl\u00e1sica de seis paneles con visera curva y ojales<\/p>\n","protected":false},"featured_media":33218,"comment_status":"open","ping_status":"closed","template":"","meta":{"_monsterinsights_skip_tracking":false,"_monsterinsights_sitenote_active":false,"_monsterinsights_sitenote_note":"","_monsterinsights_sitenote_category":0},"product_cat":[44],"product_tag":[],"_links":{"self":[{"href":"https:\/\/tiendasdyo.com\/index.php\/wp-json\/wp\/v2\/product\/33272"}],"collection":[{"href":"https:\/\/tiendasdyo.com\/index.php\/wp-json\/wp\/v2\/product"}],"about":[{"href":"https:\/\/tiendasdyo.com\/index.php\/wp-json\/wp\/v2\/types\/product"}],"replies":[{"embeddable":true,"href":"https:\/\/tiendasdyo.com\/index.php\/wp-json\/wp\/v2\/comments?post=33272"}],"version-history":[{"count":1,"href":"https:\/\/tiendasdyo.com\/index.php\/wp-json\/wp\/v2\/product\/33272\/revisions"}],"predecessor-version":[{"id":33273,"href":"https:\/\/tiendasdyo.com\/index.php\/wp-json\/wp\/v2\/product\/33272\/revisions\/33273"}],"wp:featuredmedia":[{"embeddable":true,"href":"https:\/\/tiendasdyo.com\/index.php\/wp-json\/wp\/v2\/media\/33218"}],"wp:attachment":[{"href":"https:\/\/tiendasdyo.com\/index.php\/wp-json\/wp\/v2\/media?parent=33272"}],"wp:term":[{"taxonomy":"product_cat","embeddable":true,"href":"https:\/\/tiendasdyo.com\/index.php\/wp-json\/wp\/v2\/product_cat?post=33272"},{"taxonomy":"product_tag","embeddable":true,"href":"https:\/\/tiendasdyo.com\/index.php\/wp-json\/wp\/v2\/product_tag?post=33272"}],"curies":[{"name":"wp","href":"https:\/\/api.w.org\/{rel}","templated":true}]}}