{"id":33423,"date":"2026-03-25T22:04:09","date_gmt":"2026-03-25T21:04:09","guid":{"rendered":"https:\/\/tiendasdyo.com\/?post_type=product&#038;p=33423"},"modified":"2026-03-25T22:04:09","modified_gmt":"2026-03-25T21:04:09","slug":"reloj-nine-west-4","status":"publish","type":"product","link":"https:\/\/tiendasdyo.com\/index.php\/product\/reloj-nine-west-4\/","title":{"rendered":"RELOJ NINE WEST"},"content":{"rendered":"<div class=\"AdPoic\" role=\"heading\" aria-level=\"3\" data-animation-nesting=\"\" data-sfc-cp=\"\" data-sfc-root=\"c\" data-sfc-cb=\"\" data-complete=\"true\" data-processed=\"true\" data-sae=\"\">Caracter\u00edsticas Principales<button class=\"rBl3me\" tabindex=\"0\" data-amic=\"true\" data-icl-uuid=\"9f68cdda-574b-4db0-9f6b-8b442ca95768\" aria-label=\"Ver v\u00ednculos relacionados\" data-wiz-attrbind=\"disabled=QDGZhe_11\/C5gNJc;aria-label=QDGZhe_11\/bOjMyf;class=QDGZhe_11\/UpSNec\" data-ved=\"2ahUKEwiluZLS-buTAxUzmWoFHeFVEhsQye0OegQIBRAA\" data-hveid=\"CAUQAA\"><\/button><\/div>\n<div class=\"Y3BBE\" data-sfc-cp=\"\" data-sfc-root=\"c\" data-sfc-cb=\"\" data-hveid=\"CAYQAA\" data-complete=\"true\" data-processed=\"true\">Este accesorio destaca por su dise\u00f1o elegante y moderno, con las siguientes especificaciones t\u00e9cnicas:<button class=\"rBl3me\" tabindex=\"0\" data-amic=\"true\" data-icl-uuid=\"729d8488-e4eb-4adb-bd4a-d9e41bd367fc\" aria-label=\"Ver v\u00ednculos relacionados\" data-wiz-attrbind=\"disabled=QDGZhe_15\/C5gNJc;aria-label=QDGZhe_15\/bOjMyf;class=QDGZhe_15\/UpSNec\" data-ved=\"2ahUKEwiluZLS-buTAxUzmWoFHeFVEhsQye0OegQIBhAB\" data-hveid=\"CAYQAQ\"><\/button><\/div>\n<ul class=\"KsbFXc U6u95\" data-sfc-root=\"c\" data-sfc-cb=\"\" data-complete=\"true\" data-processed=\"true\">\n<li class=\"dF3vjf\" data-sfc-root=\"c\" data-sfc-cb=\"\" data-hveid=\"CAcQAA\" data-complete=\"true\" data-sae=\"\"><span class=\"T286Pc\" data-sfc-cp=\"\" data-sfc-root=\"c\" data-sfc-cb=\"\" data-complete=\"true\"><strong class=\"Yjhzub\" data-sfc-root=\"c\" data-sfc-cb=\"\" data-complete=\"true\">Dise\u00f1o:<\/strong>\u00a0Caja redonda dorada con un brazalete de eslabones ajustable en el mismo tono.<\/span><\/li>\n<li class=\"dF3vjf\" data-sfc-root=\"c\" data-sfc-cb=\"\" data-hveid=\"CAcQAQ\" data-complete=\"true\" data-sae=\"\"><span class=\"T286Pc\" data-sfc-cp=\"\" data-sfc-root=\"c\" data-sfc-cb=\"\" data-complete=\"true\"><strong class=\"Yjhzub\" data-sfc-root=\"c\" data-sfc-cb=\"\" data-complete=\"true\">Car\u00e1tula:<\/strong>\u00a0Esfera de color negro mate que contrasta con manecillas y marcadores horarios dorados. Presenta n\u00fameros ar\u00e1bigos de gran tama\u00f1o en las posiciones de las 12, 3, 6 y 9.<\/span><\/li>\n<li class=\"dF3vjf\" data-sfc-root=\"c\" data-sfc-cb=\"\" data-hveid=\"CAcQAg\" data-complete=\"true\" data-sae=\"\"><span class=\"T286Pc\" data-sfc-cp=\"\" data-sfc-root=\"c\" data-sfc-cb=\"\" data-complete=\"true\"><strong class=\"Yjhzub\" data-sfc-root=\"c\" data-sfc-cb=\"\" data-complete=\"true\">Movimiento:<\/strong>\u00a0Sistema de cuarzo japon\u00e9s para una medici\u00f3n precisa del tiempo.<\/span><\/li>\n<li class=\"dF3vjf\" data-sfc-root=\"c\" data-sfc-cb=\"\" data-hveid=\"CAcQAw\" data-complete=\"true\" data-sae=\"\"><span class=\"T286Pc\" data-sfc-cp=\"\" data-sfc-root=\"c\" data-sfc-cb=\"\" data-complete=\"true\"><strong class=\"Yjhzub\" data-sfc-root=\"c\" data-sfc-cb=\"\" data-complete=\"true\">Materiales:<\/strong>\u00a0Lente de cristal mineral ligeramente abovedado y resistente a los ara\u00f1azos.<\/span><\/li>\n<li class=\"dF3vjf\" data-sfc-root=\"c\" data-sfc-cb=\"\" data-hveid=\"CAcQBA\" data-complete=\"true\" data-sae=\"\"><span class=\"T286Pc\" data-sfc-cp=\"\" data-sfc-root=\"c\" data-sfc-cb=\"\" data-complete=\"true\" aria-owns=\"action-menu-parent-container\"><strong class=\"Yjhzub\" data-sfc-root=\"c\" data-sfc-cb=\"\" data-complete=\"true\">Resistencia:<\/strong>\u00a0Algunos modelos similares especifican resistencia al agua de hasta 3 metros.<\/span><\/li>\n<\/ul>\n","protected":false},"excerpt":{"rendered":"<p>Caracter\u00edsticas Principales Este accesorio destaca por su dise\u00f1o elegante y moderno, con las siguientes especificaciones t\u00e9cnicas: Dise\u00f1o:\u00a0Caja redonda dorada con<\/p>\n","protected":false},"featured_media":33380,"comment_status":"open","ping_status":"closed","template":"","meta":{"_monsterinsights_skip_tracking":false,"_monsterinsights_sitenote_active":false,"_monsterinsights_sitenote_note":"","_monsterinsights_sitenote_category":0},"product_cat":[50],"product_tag":[],"_links":{"self":[{"href":"https:\/\/tiendasdyo.com\/index.php\/wp-json\/wp\/v2\/product\/33423"}],"collection":[{"href":"https:\/\/tiendasdyo.com\/index.php\/wp-json\/wp\/v2\/product"}],"about":[{"href":"https:\/\/tiendasdyo.com\/index.php\/wp-json\/wp\/v2\/types\/product"}],"replies":[{"embeddable":true,"href":"https:\/\/tiendasdyo.com\/index.php\/wp-json\/wp\/v2\/comments?post=33423"}],"version-history":[{"count":1,"href":"https:\/\/tiendasdyo.com\/index.php\/wp-json\/wp\/v2\/product\/33423\/revisions"}],"predecessor-version":[{"id":33424,"href":"https:\/\/tiendasdyo.com\/index.php\/wp-json\/wp\/v2\/product\/33423\/revisions\/33424"}],"wp:featuredmedia":[{"embeddable":true,"href":"https:\/\/tiendasdyo.com\/index.php\/wp-json\/wp\/v2\/media\/33380"}],"wp:attachment":[{"href":"https:\/\/tiendasdyo.com\/index.php\/wp-json\/wp\/v2\/media?parent=33423"}],"wp:term":[{"taxonomy":"product_cat","embeddable":true,"href":"https:\/\/tiendasdyo.com\/index.php\/wp-json\/wp\/v2\/product_cat?post=33423"},{"taxonomy":"product_tag","embeddable":true,"href":"https:\/\/tiendasdyo.com\/index.php\/wp-json\/wp\/v2\/product_tag?post=33423"}],"curies":[{"name":"wp","href":"https:\/\/api.w.org\/{rel}","templated":true}]}}