{"id":33425,"date":"2026-03-25T22:07:17","date_gmt":"2026-03-25T21:07:17","guid":{"rendered":"https:\/\/tiendasdyo.com\/?post_type=product&#038;p=33425"},"modified":"2026-03-25T22:07:17","modified_gmt":"2026-03-25T21:07:17","slug":"reloj-nine-west-5","status":"publish","type":"product","link":"https:\/\/tiendasdyo.com\/index.php\/product\/reloj-nine-west-5\/","title":{"rendered":"RELOJ NINE WEST"},"content":{"rendered":"<div class=\"AdPoic\" role=\"heading\" aria-level=\"3\" data-animation-nesting=\"\" data-sfc-cp=\"\" data-sfc-root=\"c\" data-sfc-cb=\"\" data-complete=\"true\" data-processed=\"true\" data-sae=\"\">Detalles del producto<button class=\"rBl3me\" tabindex=\"0\" data-amic=\"true\" data-icl-uuid=\"7211acc8-ee88-426d-bbef-1837d4c6e633\" aria-label=\"Ver v\u00ednculos relacionados\" data-wiz-attrbind=\"disabled=o3zdH_11\/C5gNJc;aria-label=o3zdH_11\/bOjMyf;class=o3zdH_11\/UpSNec\" data-ved=\"2ahUKEwjt09OH-ruTAxXokWoFHTh9I-UQye0OegQIBRAA\" data-hveid=\"CAUQAA\"><\/button><\/div>\n<div class=\"Y3BBE\" data-sfc-cp=\"\" data-sfc-root=\"c\" data-sfc-cb=\"\" data-hveid=\"CAYQAA\" data-complete=\"true\" data-processed=\"true\">Basado en modelos visualmente similares, este reloj para mujer cuenta con las siguientes caracter\u00edsticas:<button class=\"rBl3me\" tabindex=\"0\" data-amic=\"true\" data-icl-uuid=\"a4ff25a0-5288-4506-a499-e08f6e5ed095\" aria-label=\"Ver v\u00ednculos relacionados\" data-wiz-attrbind=\"disabled=o3zdH_15\/C5gNJc;aria-label=o3zdH_15\/bOjMyf;class=o3zdH_15\/UpSNec\" data-ved=\"2ahUKEwjt09OH-ruTAxXokWoFHTh9I-UQye0OegQIBhAB\" data-hveid=\"CAYQAQ\"><\/button><\/div>\n<ul class=\"KsbFXc U6u95\" data-sfc-root=\"c\" data-sfc-cb=\"\" data-complete=\"true\" data-processed=\"true\">\n<li class=\"dF3vjf\" data-sfc-root=\"c\" data-sfc-cb=\"\" data-hveid=\"CAcQAA\" data-complete=\"true\" data-sae=\"\"><span class=\"T286Pc\" data-sfc-cp=\"\" data-sfc-root=\"c\" data-sfc-cb=\"\" data-complete=\"true\"><strong class=\"Yjhzub\" data-sfc-root=\"c\" data-sfc-cb=\"\" data-complete=\"true\">Movimiento:<\/strong>\u00a0Sistema de cuarzo para una alta precisi\u00f3n.<\/span><\/li>\n<li class=\"dF3vjf\" data-sfc-root=\"c\" data-sfc-cb=\"\" data-hveid=\"CAcQAQ\" data-complete=\"true\" data-sae=\"\"><span class=\"T286Pc\" data-sfc-cp=\"\" data-sfc-root=\"c\" data-sfc-cb=\"\" data-complete=\"true\"><strong class=\"Yjhzub\" data-sfc-root=\"c\" data-sfc-cb=\"\" data-complete=\"true\">Dise\u00f1o:<\/strong>\u00a0Caja redonda con una esfera que incluye n\u00fameros ar\u00e1bigos a las 12, 3, 6 y 9, complementada con marcadores de hora tipo bast\u00f3n.<\/span><\/li>\n<li class=\"dF3vjf\" data-sfc-root=\"c\" data-sfc-cb=\"\" data-hveid=\"CAcQAg\" data-complete=\"true\" data-sae=\"\"><span class=\"T286Pc\" data-sfc-cp=\"\" data-sfc-root=\"c\" data-sfc-cb=\"\" data-complete=\"true\"><strong class=\"Yjhzub\" data-sfc-root=\"c\" data-sfc-cb=\"\" data-complete=\"true\">Material:<\/strong>\u00a0Brazalete de eslabones ajustables fabricado en metal o acero inoxidable.<\/span><\/li>\n<\/ul>\n","protected":false},"excerpt":{"rendered":"<p>Detalles del producto Basado en modelos visualmente similares, este reloj para mujer cuenta con las siguientes caracter\u00edsticas: Movimiento:\u00a0Sistema de cuarzo<\/p>\n","protected":false},"featured_media":33381,"comment_status":"open","ping_status":"closed","template":"","meta":{"_monsterinsights_skip_tracking":false,"_monsterinsights_sitenote_active":false,"_monsterinsights_sitenote_note":"","_monsterinsights_sitenote_category":0},"product_cat":[50],"product_tag":[],"_links":{"self":[{"href":"https:\/\/tiendasdyo.com\/index.php\/wp-json\/wp\/v2\/product\/33425"}],"collection":[{"href":"https:\/\/tiendasdyo.com\/index.php\/wp-json\/wp\/v2\/product"}],"about":[{"href":"https:\/\/tiendasdyo.com\/index.php\/wp-json\/wp\/v2\/types\/product"}],"replies":[{"embeddable":true,"href":"https:\/\/tiendasdyo.com\/index.php\/wp-json\/wp\/v2\/comments?post=33425"}],"version-history":[{"count":1,"href":"https:\/\/tiendasdyo.com\/index.php\/wp-json\/wp\/v2\/product\/33425\/revisions"}],"predecessor-version":[{"id":33426,"href":"https:\/\/tiendasdyo.com\/index.php\/wp-json\/wp\/v2\/product\/33425\/revisions\/33426"}],"wp:featuredmedia":[{"embeddable":true,"href":"https:\/\/tiendasdyo.com\/index.php\/wp-json\/wp\/v2\/media\/33381"}],"wp:attachment":[{"href":"https:\/\/tiendasdyo.com\/index.php\/wp-json\/wp\/v2\/media?parent=33425"}],"wp:term":[{"taxonomy":"product_cat","embeddable":true,"href":"https:\/\/tiendasdyo.com\/index.php\/wp-json\/wp\/v2\/product_cat?post=33425"},{"taxonomy":"product_tag","embeddable":true,"href":"https:\/\/tiendasdyo.com\/index.php\/wp-json\/wp\/v2\/product_tag?post=33425"}],"curies":[{"name":"wp","href":"https:\/\/api.w.org\/{rel}","templated":true}]}}