{"id":33702,"date":"2026-03-31T23:23:57","date_gmt":"2026-03-31T21:23:57","guid":{"rendered":"https:\/\/tiendasdyo.com\/?post_type=product&#038;p=33702"},"modified":"2026-03-31T23:23:58","modified_gmt":"2026-03-31T21:23:58","slug":"monedero-michael-kors-2","status":"publish","type":"product","link":"https:\/\/tiendasdyo.com\/index.php\/product\/monedero-michael-kors-2\/","title":{"rendered":"MONEDERO MICHAEL KORS"},"content":{"rendered":"<div class=\"AdPoic\" role=\"heading\" aria-level=\"3\" data-animation-nesting=\"\" data-sfc-cp=\"\" data-sfc-root=\"c\" data-sfc-cb=\"\" data-complete=\"true\" data-processed=\"true\" data-sae=\"\">Detalles del producto<button class=\"rBl3me\" tabindex=\"0\" data-amic=\"true\" data-icl-uuid=\"9a5dd1d4-314c-4340-bd79-472908db18f9\" aria-label=\"Ver v\u00ednculos relacionados\" data-wiz-attrbind=\"disabled=NByk5_12\/C5gNJc;aria-label=NByk5_12\/bOjMyf;class=NByk5_12\/UpSNec\" data-ved=\"2ahUKEwjnq7ugicuTAxUbk2oFHcfAHQEQye0OegQIBRAA\" data-hveid=\"CAUQAA\"><\/button><\/div>\n<div class=\"Y3BBE\" data-sfc-cp=\"\" data-sfc-root=\"c\" data-sfc-cb=\"\" data-hveid=\"CAYQAA\" data-complete=\"true\" data-processed=\"true\">Este modelo destaca por su funcionalidad y dise\u00f1o cl\u00e1sico, ideal para organizar elementos esenciales de forma segura:<button class=\"rBl3me\" tabindex=\"0\" data-amic=\"true\" data-icl-uuid=\"c82cd8d3-573a-43d2-b39b-952f62c5786f\" aria-label=\"Ver v\u00ednculos relacionados\" data-wiz-attrbind=\"disabled=NByk5_16\/C5gNJc;aria-label=NByk5_16\/bOjMyf;class=NByk5_16\/UpSNec\" data-ved=\"2ahUKEwjnq7ugicuTAxUbk2oFHcfAHQEQye0OegQIBhAB\" data-hveid=\"CAYQAQ\"><\/button><\/div>\n<ul class=\"KsbFXc U6u95\" data-sfc-root=\"c\" data-sfc-cb=\"\" data-complete=\"true\" data-processed=\"true\">\n<li class=\"dF3vjf\" data-sfc-root=\"c\" data-sfc-cb=\"\" data-hveid=\"CAcQAA\" data-complete=\"true\" data-sae=\"\"><span class=\"T286Pc\" data-sfc-cp=\"\" data-sfc-root=\"c\" data-sfc-cb=\"\" data-complete=\"true\"><strong class=\"Yjhzub\" data-sfc-root=\"c\" data-sfc-cb=\"\" data-complete=\"true\">Material:<\/strong>\u00a0Confeccionada en piel granulada (pebbled leather), una textura resistente a los ara\u00f1azos y duradera para el uso diario.<\/span><\/li>\n<li class=\"dF3vjf\" data-sfc-root=\"c\" data-sfc-cb=\"\" data-hveid=\"CAcQAQ\" data-complete=\"true\" data-sae=\"\"><span class=\"T286Pc\" data-sfc-cp=\"\" data-sfc-root=\"c\" data-sfc-cb=\"\" data-complete=\"true\"><strong class=\"Yjhzub\" data-sfc-root=\"c\" data-sfc-cb=\"\" data-complete=\"true\">Color:<\/strong>\u00a0El tono mostrado es\u00a0<strong class=\"Yjhzub\" data-sfc-root=\"c\" data-sfc-cb=\"\" data-complete=\"true\">Navy<\/strong>\u00a0(azul marino) con herrajes en tono plateado.<\/span><\/li>\n<li class=\"dF3vjf\" data-sfc-root=\"c\" data-sfc-cb=\"\" data-hveid=\"CAcQAg\" data-complete=\"true\" data-sae=\"\"><span class=\"T286Pc\" data-sfc-cp=\"\" data-sfc-root=\"c\" data-sfc-cb=\"\" data-complete=\"true\"><strong class=\"Yjhzub\" data-sfc-root=\"c\" data-sfc-cb=\"\" data-complete=\"true\">Dise\u00f1o:<\/strong>\u00a0Cuenta con un cierre de cremallera perimetral (zip-around) y una correa de mu\u00f1eca (wristlet) extra\u00edble para mayor versatilidad.<\/span><\/li>\n<li class=\"dF3vjf\" data-sfc-root=\"c\" data-sfc-cb=\"\" data-hveid=\"CAcQAw\" data-complete=\"true\" data-sae=\"\"><span class=\"T286Pc\" data-sfc-cp=\"\" data-sfc-root=\"c\" data-sfc-cb=\"\" data-complete=\"true\"><strong class=\"Yjhzub\" data-sfc-root=\"c\" data-sfc-cb=\"\" data-complete=\"true\">Interior:<\/strong>\u00a0Suele incluir m\u00faltiples ranuras para tarjetas (hasta 16 o m\u00e1s en algunos modelos grandes), ventana para identificaci\u00f3n, compartimentos para billetes y un bolsillo central con cremallera para monedas.<\/span><\/li>\n<li class=\"dF3vjf\" data-sfc-root=\"c\" data-sfc-cb=\"\" data-hveid=\"CAcQBA\" data-complete=\"true\" data-sae=\"\"><span class=\"T286Pc\" data-sfc-cp=\"\" data-sfc-root=\"c\" data-sfc-cb=\"\" data-complete=\"true\" aria-owns=\"action-menu-parent-container\"><strong class=\"Yjhzub\" data-sfc-root=\"c\" data-sfc-cb=\"\" data-complete=\"true\">Compatibilidad:<\/strong>\u00a0Algunas versiones de este tama\u00f1o son compatibles con diversos modelos de smartphones (iPhone y Samsung Galaxy).<\/span><\/li>\n<\/ul>\n","protected":false},"excerpt":{"rendered":"<p>Detalles del producto Este modelo destaca por su funcionalidad y dise\u00f1o cl\u00e1sico, ideal para organizar elementos esenciales de forma segura:<\/p>\n","protected":false},"featured_media":33676,"comment_status":"open","ping_status":"closed","template":"","meta":{"_monsterinsights_skip_tracking":false,"_monsterinsights_sitenote_active":false,"_monsterinsights_sitenote_note":"","_monsterinsights_sitenote_category":0},"product_cat":[51],"product_tag":[],"_links":{"self":[{"href":"https:\/\/tiendasdyo.com\/index.php\/wp-json\/wp\/v2\/product\/33702"}],"collection":[{"href":"https:\/\/tiendasdyo.com\/index.php\/wp-json\/wp\/v2\/product"}],"about":[{"href":"https:\/\/tiendasdyo.com\/index.php\/wp-json\/wp\/v2\/types\/product"}],"replies":[{"embeddable":true,"href":"https:\/\/tiendasdyo.com\/index.php\/wp-json\/wp\/v2\/comments?post=33702"}],"version-history":[{"count":1,"href":"https:\/\/tiendasdyo.com\/index.php\/wp-json\/wp\/v2\/product\/33702\/revisions"}],"predecessor-version":[{"id":33703,"href":"https:\/\/tiendasdyo.com\/index.php\/wp-json\/wp\/v2\/product\/33702\/revisions\/33703"}],"wp:featuredmedia":[{"embeddable":true,"href":"https:\/\/tiendasdyo.com\/index.php\/wp-json\/wp\/v2\/media\/33676"}],"wp:attachment":[{"href":"https:\/\/tiendasdyo.com\/index.php\/wp-json\/wp\/v2\/media?parent=33702"}],"wp:term":[{"taxonomy":"product_cat","embeddable":true,"href":"https:\/\/tiendasdyo.com\/index.php\/wp-json\/wp\/v2\/product_cat?post=33702"},{"taxonomy":"product_tag","embeddable":true,"href":"https:\/\/tiendasdyo.com\/index.php\/wp-json\/wp\/v2\/product_tag?post=33702"}],"curies":[{"name":"wp","href":"https:\/\/api.w.org\/{rel}","templated":true}]}}