{"id":33707,"date":"2026-04-01T22:02:30","date_gmt":"2026-04-01T20:02:30","guid":{"rendered":"https:\/\/tiendasdyo.com\/?post_type=product&#038;p=33707"},"modified":"2026-04-01T22:02:31","modified_gmt":"2026-04-01T20:02:31","slug":"monedero-michael-kors-4","status":"publish","type":"product","link":"https:\/\/tiendasdyo.com\/index.php\/product\/monedero-michael-kors-4\/","title":{"rendered":"MONEDERO MICHAEL KORS"},"content":{"rendered":"<div class=\"AdPoic\" role=\"heading\" aria-level=\"3\" data-animation-nesting=\"\" data-sfc-cp=\"\" data-sfc-root=\"c\" data-sfc-cb=\"\" data-complete=\"true\" data-processed=\"true\" data-sae=\"\">Detalles del producto<button class=\"rBl3me\" tabindex=\"0\" data-amic=\"true\" data-icl-uuid=\"b2bf3e93-a55d-48e3-98b9-5e04723f9c1d\" aria-label=\"Ver v\u00ednculos relacionados\" data-wiz-attrbind=\"disabled=W9K61b_18\/C5gNJc;aria-label=W9K61b_18\/bOjMyf;class=W9K61b_18\/UpSNec\" data-ved=\"2ahUKEwifsIjmuM2TAxWTm2oFHcdZK98Qye0OegQIBhAA\" data-hveid=\"CAYQAA\"><\/button><\/div>\n<ul class=\"KsbFXc U6u95\" data-sfc-root=\"c\" data-sfc-cb=\"\" data-complete=\"true\" data-processed=\"true\">\n<li class=\"dF3vjf\" data-sfc-root=\"c\" data-sfc-cb=\"\" data-hveid=\"CAcQAA\" data-complete=\"true\" data-sae=\"\"><span class=\"T286Pc\" data-sfc-cp=\"\" data-sfc-root=\"c\" data-sfc-cb=\"\" data-complete=\"true\"><strong class=\"Yjhzub\" data-sfc-root=\"c\" data-sfc-cb=\"\" data-complete=\"true\">Dise\u00f1o funcional:<\/strong>\u00a0Cuenta con dos compartimentos principales con cremallera y un compartimento central con cierre de presi\u00f3n.<\/span><\/li>\n<li class=\"dF3vjf\" data-sfc-root=\"c\" data-sfc-cb=\"\" data-hveid=\"CAcQAQ\" data-complete=\"true\" data-sae=\"\"><span class=\"T286Pc\" data-sfc-cp=\"\" data-sfc-root=\"c\" data-sfc-cb=\"\" data-complete=\"true\"><strong class=\"Yjhzub\" data-sfc-root=\"c\" data-sfc-cb=\"\" data-complete=\"true\">Interior organizado:<\/strong>\u00a0Incluye m\u00faltiples ranuras para tarjetas, una ventana para identificaci\u00f3n, bolsillos para billetes y un espacio dedicado para el tel\u00e9fono.<\/span><\/li>\n<li class=\"dF3vjf\" data-sfc-root=\"c\" data-sfc-cb=\"\" data-hveid=\"CAcQAg\" data-complete=\"true\" data-sae=\"\"><strong class=\"Yjhzub\" data-sfc-root=\"c\" data-sfc-cb=\"\" data-complete=\"true\">Dimensiones:<\/strong>\u00a0Aproximadamente\n<div data-xpm-copy-root=\"\">\n<div>18.4<\/div>\n<p>18.4<\/p><\/div>\n<p>cm de ancho x<\/p>\n<div data-xpm-copy-root=\"\">\n<div>11.4<\/div>\n<p>11.4<\/p><\/div>\n<p>cm de alto x<\/p>\n<div data-xpm-copy-root=\"\">\n<div>1.9<\/div>\n<p>1.9<\/p><\/div>\n<p>cm de profundidad.<\/li>\n<\/ul>\n","protected":false},"excerpt":{"rendered":"<p>Detalles del producto Dise\u00f1o funcional:\u00a0Cuenta con dos compartimentos principales con cremallera y un compartimento central con cierre de presi\u00f3n. Interior<\/p>\n","protected":false},"featured_media":33677,"comment_status":"open","ping_status":"closed","template":"","meta":{"_monsterinsights_skip_tracking":false,"_monsterinsights_sitenote_active":false,"_monsterinsights_sitenote_note":"","_monsterinsights_sitenote_category":0},"product_cat":[51],"product_tag":[],"_links":{"self":[{"href":"https:\/\/tiendasdyo.com\/index.php\/wp-json\/wp\/v2\/product\/33707"}],"collection":[{"href":"https:\/\/tiendasdyo.com\/index.php\/wp-json\/wp\/v2\/product"}],"about":[{"href":"https:\/\/tiendasdyo.com\/index.php\/wp-json\/wp\/v2\/types\/product"}],"replies":[{"embeddable":true,"href":"https:\/\/tiendasdyo.com\/index.php\/wp-json\/wp\/v2\/comments?post=33707"}],"version-history":[{"count":1,"href":"https:\/\/tiendasdyo.com\/index.php\/wp-json\/wp\/v2\/product\/33707\/revisions"}],"predecessor-version":[{"id":33708,"href":"https:\/\/tiendasdyo.com\/index.php\/wp-json\/wp\/v2\/product\/33707\/revisions\/33708"}],"wp:featuredmedia":[{"embeddable":true,"href":"https:\/\/tiendasdyo.com\/index.php\/wp-json\/wp\/v2\/media\/33677"}],"wp:attachment":[{"href":"https:\/\/tiendasdyo.com\/index.php\/wp-json\/wp\/v2\/media?parent=33707"}],"wp:term":[{"taxonomy":"product_cat","embeddable":true,"href":"https:\/\/tiendasdyo.com\/index.php\/wp-json\/wp\/v2\/product_cat?post=33707"},{"taxonomy":"product_tag","embeddable":true,"href":"https:\/\/tiendasdyo.com\/index.php\/wp-json\/wp\/v2\/product_tag?post=33707"}],"curies":[{"name":"wp","href":"https:\/\/api.w.org\/{rel}","templated":true}]}}