{"id":33843,"date":"2026-04-22T20:46:37","date_gmt":"2026-04-22T18:46:37","guid":{"rendered":"https:\/\/tiendasdyo.com\/?post_type=product&#038;p=33843"},"modified":"2026-04-22T20:46:37","modified_gmt":"2026-04-22T18:46:37","slug":"good-girl-carolina-herrera-new-york","status":"publish","type":"product","link":"https:\/\/tiendasdyo.com\/index.php\/product\/good-girl-carolina-herrera-new-york\/","title":{"rendered":"GOOD GIRL CAROLINA HERRERA NEW YORK"},"content":{"rendered":"<div class=\"Y3BBE\" data-sfc-cp=\"\" data-sfc-root=\"c\" data-sfc-cb=\"\" data-hveid=\"CAEIBRAA\" data-complete=\"true\" data-processed=\"true\">Esta fragancia se caracteriza por el contraste entre componentes claros y oscuros:<span class=\"uJ19be notranslate\" data-sfc-root=\"c\" data-wiz-uids=\"JxuESc_10,JxuESc_11\" data-sfc-cb=\"\" data-complete=\"true\" data-processed=\"true\"><span class=\"vKEkVd\" data-animation-atomic=\"\" data-wiz-attrbind=\"class=JxuESc_z\/TKHnVd\" data-sae=\"\"><span aria-hidden=\"true\">\u00a0<\/span><button class=\"rBl3me\" tabindex=\"0\" data-amic=\"true\" data-icl-uuid=\"d09cdd9d-0ef5-453e-83ac-1e0cb3dd552c\" aria-label=\"Ver v\u00ednculos relacionados\" data-wiz-attrbind=\"disabled=JxuESc_z\/C5gNJc;aria-label=JxuESc_z\/bOjMyf;class=JxuESc_z\/UpSNec\" data-ved=\"2ahUKEwjWzoD_joKUAxWsSTABHeEUB5YQye0OegYIAQgFEAE\" data-hveid=\"CAEIBRAB\"><\/button><\/span><\/span><\/div>\n<ul class=\"KsbFXc U6u95\" data-sfc-root=\"c\" data-sfc-cb=\"\" data-complete=\"true\" data-processed=\"true\">\n<li class=\"Z1qcYe\" data-sfc-cp=\"\" data-sfc-root=\"c\" data-sfc-cb=\"\" data-hveid=\"CAEIBhAA\" data-complete=\"true\" data-sae=\"\"><span class=\"T286Pc\" data-sfc-cp=\"\" data-sfc-root=\"c\" data-sfc-cb=\"\" data-complete=\"true\"><strong class=\"Yjhzub\" data-sfc-root=\"c\" data-sfc-cb=\"\" data-complete=\"true\">Notas de Salida (lo primero que hueles):<\/strong>\u00a0Almendra, caf\u00e9, bergamota y lim\u00f3n.<\/span><\/li>\n<li class=\"Z1qcYe\" data-sfc-cp=\"\" data-sfc-root=\"c\" data-sfc-cb=\"\" data-hveid=\"CAEIBhAB\" data-complete=\"true\" data-sae=\"\"><span class=\"T286Pc\" data-sfc-cp=\"\" data-sfc-root=\"c\" data-sfc-cb=\"\" data-complete=\"true\"><strong class=\"Yjhzub\" data-sfc-root=\"c\" data-sfc-cb=\"\" data-complete=\"true\">Notas de Coraz\u00f3n (el alma del perfume):<\/strong>\u00a0Jazm\u00edn sambac, nardos, flor de azahar del naranjo, rosa de Bulgaria y ra\u00edz de lirio.<\/span><\/li>\n<li class=\"Z1qcYe\" data-sfc-cp=\"\" data-sfc-root=\"c\" data-sfc-cb=\"\" data-hveid=\"CAEIBhAC\" data-complete=\"true\" data-sae=\"\"><span class=\"T286Pc\" data-sfc-cp=\"\" data-sfc-root=\"c\" data-sfc-cb=\"\" data-complete=\"true\"><strong class=\"Yjhzub\" data-sfc-root=\"c\" data-sfc-cb=\"\" data-complete=\"true\">Notas de Fondo (lo que perdura):<\/strong>\u00a0Haba tonka, cacao, vainilla, pralin\u00e9, s\u00e1ndalo, \u00e1mbar, almizcle, madera de cachemira, canela, pachul\u00ed y cedro.<\/span><\/li>\n<\/ul>\n","protected":false},"excerpt":{"rendered":"<p>Esta fragancia se caracteriza por el contraste entre componentes claros y oscuros:\u00a0 Notas de Salida (lo primero que hueles):\u00a0Almendra, caf\u00e9,<\/p>\n","protected":false},"featured_media":33797,"comment_status":"open","ping_status":"closed","template":"","meta":{"_monsterinsights_skip_tracking":false,"_monsterinsights_sitenote_active":false,"_monsterinsights_sitenote_note":"","_monsterinsights_sitenote_category":0},"product_cat":[52],"product_tag":[],"_links":{"self":[{"href":"https:\/\/tiendasdyo.com\/index.php\/wp-json\/wp\/v2\/product\/33843"}],"collection":[{"href":"https:\/\/tiendasdyo.com\/index.php\/wp-json\/wp\/v2\/product"}],"about":[{"href":"https:\/\/tiendasdyo.com\/index.php\/wp-json\/wp\/v2\/types\/product"}],"replies":[{"embeddable":true,"href":"https:\/\/tiendasdyo.com\/index.php\/wp-json\/wp\/v2\/comments?post=33843"}],"version-history":[{"count":1,"href":"https:\/\/tiendasdyo.com\/index.php\/wp-json\/wp\/v2\/product\/33843\/revisions"}],"predecessor-version":[{"id":33844,"href":"https:\/\/tiendasdyo.com\/index.php\/wp-json\/wp\/v2\/product\/33843\/revisions\/33844"}],"wp:featuredmedia":[{"embeddable":true,"href":"https:\/\/tiendasdyo.com\/index.php\/wp-json\/wp\/v2\/media\/33797"}],"wp:attachment":[{"href":"https:\/\/tiendasdyo.com\/index.php\/wp-json\/wp\/v2\/media?parent=33843"}],"wp:term":[{"taxonomy":"product_cat","embeddable":true,"href":"https:\/\/tiendasdyo.com\/index.php\/wp-json\/wp\/v2\/product_cat?post=33843"},{"taxonomy":"product_tag","embeddable":true,"href":"https:\/\/tiendasdyo.com\/index.php\/wp-json\/wp\/v2\/product_tag?post=33843"}],"curies":[{"name":"wp","href":"https:\/\/api.w.org\/{rel}","templated":true}]}}